e number?
False
Let m = -493 - -493. Suppose m = -5*t + 3*v + 98701, -78983 = -9*t + 5*t - 5*v. Is t a prime number?
False
Let b = -264 + 256. Is (1334/4 + 0)/((-4)/b) a prime number?
False
Suppose -48*y = -33*y + 35235. Is ((-4)/(-16) + y/4)/(-1) prime?
True
Is 2/(((-126)/49)/9) + 7 + 54121 composite?
False
Suppose 3*l + 2*v = -v + 7217604, -7217569 = -3*l + 4*v. Is l a composite number?
False
Let d(i) = -2345*i - 5. Let r be d(-7). Suppose -7*s + s = -r. Is s a composite number?
True
Is 5 + -7 - 46/(-20) - 3739714/(-220) prime?
False
Let w = -747 + 1195. Let y = w + -309. Is y composite?
False
Let l = -721106 + 1025832. Is l a prime number?
False
Is 80362 + 32/(-4)*(-4 - (-250)/80) a prime number?
True
Suppose 2*j = 2*u + 10, -5*j + 25 = -4*u + 3*u. Suppose 0 = -i, i - 5459 = -j*l - 414. Is l a prime number?
True
Let m(t) = t**2 + 2*t + 14. Let d be m(-5). Let q(j) = j**2 + 33*j - 95. Is q(d) composite?
True
Suppose 5*g = -3*l + 1490821, 704*g - 2*l = 709*g - 1490829. Is g a composite number?
False
Suppose 0 = -5*a + a + 20. Let f(c) = 486*c + 1289. Let l be f(4). Suppose a*q + i = 401 + l, 5*q - 2*i = 3637. Is q a composite number?
False
Let j(h) = 21*h - 35 + 40*h**2 - 17*h - 20*h. Is j(-8) prime?
False
Suppose -7*k = 279 - 713. Let z be (4/6)/((-2)/(-2109)). Let p = z - k. Is p composite?
False
Is ((-1931)/5)/(113/(-1695)) a prime number?
False
Let v = -12735 - -22808. Is v prime?
False
Let v = 426356 - 283839. Is v a prime number?
False
Let p = -28 + 61. Let r = 22 - p. Let d(x) = 7*x**2 + 15*x - 3. Is d(r) a composite number?
True
Let c be (8 - (4 + -5)) + 2*-1. Let d(i) be the second derivative of 7*i**4/6 + 2*i**3/3 - 10*i**2 + i. Is d(c) prime?
False
Let p = -1243527 - -2065658. Is p a composite number?
False
Let h be -2 + (3 - (-6 - -5)). Suppose t = -2, h*i = 25*t - 26*t + 3962. Is i composite?
True
Let z = 573662 + 236645. Is z a composite number?
False
Is (-10)/30 - ((-456795)/108 + 2/8) prime?
True
Let s = -424 - -440. Suppose -10216 = -s*y + 12*y. Is y prime?
False
Suppose -8*q + 6*q + 10 = 0. Let a(h) be the first derivative of 19*h**3/3 + h**2 - 6*h + 13. Is a(q) a prime number?
True
Suppose 2*x + t + 1436 = 0, -6*x + 4*t = -2*x + 2860. Let z = x + 1382. Let f = z + 681. Is f a prime number?
False
Suppose -5*s = -10*s - 25. Suppose -7*h - 6 = -34. Is (h + s)*(-1164 - (-1 + 0)) a prime number?
True
Suppose -2*c - 1486 = -2*s, -4*c + 5*s - 2736 = 235. Let x = -451 - c. Is x a composite number?
False
Let a(c) = -33*c - 2. Let v be a(-4). Let g(j) = 3*j**2 - v*j - 21 - 132*j + 257*j. Is g(20) prime?
False
Let f(k) = k**3 + 30*k**2 - 5*k - 130. Let i be f(-30). Suppose i*q - 15578 = 18*q. Is q composite?
False
Let s = -16 + 13. Let d(x) = -x**2 - 26*x + 21. Let k be d(-27). Is 593/s*(-26 - 30/k) a composite number?
True
Let m = -39 - -61. Let z = 19 - m. Is (-953)/z - 12/18 a composite number?
False
Let s be 6/16 + (-4318624)/(-256). Let k = s + -5205. Is k prime?
False
Let q(x) = x**3 + 13*x**2 + 2. Suppose 4*v = -8, 4*j + 0*v + 3*v + 58 = 0. Let l be q(j). Suppose -3*g + 5665 = l*g. Is g a prime number?
False
Let x(z) = 44201*z + 697. Is x(4) a prime number?
False
Suppose -13933220 = 303*i - 51306149. Is i a composite number?
True
Let g = -43 - 1. Let r = 46 + g. Suppose -5*h + 2471 = r*h. Is h composite?
False
Let s(i) = 35*i - 5*i**2 + 2*i**3 - 31 - i**3 - 28*i. Is s(8) composite?
True
Suppose -4*t = 3*k - 1834, -k = 3*t - 973 - 405. Suppose 3*f - 2023 = -t. Is f a prime number?
True
Let t = 611586 + -216735. Is t composite?
True
Suppose -5*i - 25650 = -53218 - 253002. Is i composite?
True
Let j = -47 - -58. Suppose j*v - 7165 = -5*y + 6*v, 3*y - 4307 = -v. Is y a composite number?
True
Suppose 18*n + 2318812 = 4*m + 20*n, -3*n = m - 579713. Is m a prime number?
True
Suppose 0 = -3*l - 14*g + 15*g + 121263, -40465 = -l - 7*g. Is l composite?
False
Let n(z) = -117*z - 5. Let g = 247 + -265. Is n(g) prime?
False
Let v(x) = -x**3 - x**2 - 12*x + 20. Let u be v(16). Let z = 6983 + u. Is z a composite number?
False
Let k = -4728 - -7906. Is (k - -3)/(-9 + 10) prime?
True
Let i(d) = 81*d**2 - 59*d - 27. Let p be i(-18). Let b = p - 17848. Is b a composite number?
False
Suppose 0 = q - 62 + 68. Is 2 + ((-38387)/(-138))/((-1)/q) composite?
True
Suppose 127*p - 129*p + 89783 = 5*k, 3*p - 71825 = -4*k. Is k composite?
False
Let x(j) = -j - 7. Let o be x(-11). Suppose 2*h = o*c + 2, 0*c - 17 = -5*h - 2*c. Is (-1 - h) + (-2360)/(-4) a composite number?
True
Let d(j) = 77*j - 34. Let r(u) = u + 3. Let v be r(25). Suppose 5*p = -0*x + 3*x + 72, 0 = -2*p + 2*x + v. Is d(p) a prime number?
False
Let w(b) = -17*b**3 - 2*b**2 + 2*b - 1. Let y be w(1). Let q be y/24*32/(-12). Suppose q*j - 810 = i, -2*j - 3*i - 170 = -996. Is j prime?
False
Let w be 4/(-16)*-4 + 2. Suppose 2*i - 3*f = 8, i - w*f = -3*i + 16. Suppose -i*t + 325 = -199. Is t a composite number?
False
Let s be ((-40)/15)/8 + (-17)/3. Is 4 + (-3)/s*12196 - 1 a composite number?
False
Suppose -3*h - 6*t + t + 1784 = 0, 4*h - 3*t - 2340 = 0. Let r = 3953 - h. Is r a composite number?
True
Let o(l) = l + 17. Let u be o(-14). Let d(j) = 88*j + 9. Let f be d(u). Suppose f = a - 58. Is a prime?
True
Let m(b) = 114*b - 99. Let j(z) = -z**2 + 18*z + 39. Let d be j(21). Let l(a) = -23*a + 20. Let i(r) = d*l(r) - 5*m(r). Is i(-7) a composite number?
True
Let f(l) = -41*l**3 - 2*l**2 + 7*l + 5. Suppose -11*p = -15*p. Suppose r + 5*c = -23, r - 17 = -p*c + 5*c. Is f(r) a composite number?
True
Let d(a) = -54*a - 1. Let y = 52 - -20. Let c = 71 - y. Is d(c) a composite number?
False
Let y = -687 - -671. Is (-32)/(-16)*4/y*-10870 a prime number?
False
Let a(s) = 154*s - 13. Suppose m - 2*t = -4, t = 4*m + 9 - 28. Let l be a(m). Suppose 0 = 5*r - l - 5054. Is r a composite number?
False
Suppose -53994 = 20*p - 17*p. Let s = -25819 - p. Let x = 10964 + s. Is x composite?
True
Let r = 66 - 61. Suppose 3 = -r*z + 18. Suppose z*a + 2*a = 3695. Is a a prime number?
True
Suppose 2*i - 229355 = -a, -15*a = -11*a - 2*i - 917360. Is a prime?
True
Suppose 0 = 5*m - 3*s + 58, 2*m + 3*s + 5 = -14. Let b(w) = 7 + 2*w**2 - 11*w - 6 - 7 + 12*w**2 - 14. Is b(m) a composite number?
True
Let j(t) = t**3 + 16*t**2 + 46*t - 19. Let y be j(-12). Suppose 4*n + 6*s - y*s - 122023 = 0, 3*n + 3*s - 91524 = 0. Is n prime?
False
Suppose 3*k + 12*g = 11*g + 185043, 3*k = -2*g + 185043. Is k a prime number?
True
Let g(x) = 2*x**2 - x - 10. Let f be g(-3). Suppose -2*h = 7 - f. Suppose 2*w + 230 = 2*m, h*m - 5*m = -2*w - 343. Is m composite?
False
Let c(y) = y**2 + 22*y + 60. Let f be c(-19). Is f/(-5) + (-17)/5 - -251 a composite number?
True
Let d(p) = 5*p**3 - p**2 + 7*p - 3. Let j be d(6). Suppose 4*k + 3181 = -5*z + 5*k, 0 = 5*z - 3*k + 3183. Let m = z + j. Is m a composite number?
True
Let d(t) = -35*t + 222. Let y be d(-8). Let m = -423 + y. Is m a composite number?
False
Let q(u) = -1013*u + 90 - 42 + 98. Is q(-31) composite?
True
Suppose 2*v = -2*z + 388576, 359243 + 223615 = 3*v + 5*z. Is v composite?
True
Let k(r) = r**3 - 35*r**2 - 58*r + 185. Let x(q) = -5*q**2. Let c(i) = k(i) + 3*x(i). Is c(52) prime?
False
Let u = -34 - -52. Suppose -2*w + 2 = -3*r, 7*w - 2*w - r = u. Suppose 530 = 9*x - w*x. Is x a composite number?
True
Suppose -2*l = -9*l + 140. Suppose -l = 82*v - 84*v. Let n(w) = 2*w**3 + 2*w**2 - 4*w + 14. Is n(v) a prime number?
False
Let b(a) be the first derivative of -a**4/4 + 46*a**3/3 + 7*a**2 + 15*a - 116. Is b(28) prime?
True
Is 19131424/(-156)*6/(-8) + 7 composite?
True
Let x = -138 - -171. Suppose -x*y - 164091 = -447990. Is y composite?
True
Let f(h) = -610*h**3 - 7*h**2 - 19*h - 5. Let x be f(-2). Suppose -x = -26*j + 21*j. Is j composite?
False
Suppose 2*u - 3*f - 55 = 0, -u + 2*f = -4*u + 89. Let b = u - 31. Is (-6)/(-4)*((-15144)/18)/b a prime number?
True
Suppose 2*j - 73 = -3*m, -4*m + m = -3*j - 78. Suppose -m*r = 2*o - 28*r - 45339, -3*o - r = -68036. Is o composite?
True
Suppose 0 = 105*u - 7428890 - 1306795. Is u a composite number?
True
Suppose 11*k + 125*k - 3287673 = 20683823. Is k composite?
False
Let m = -190 + 175. Is ((-4)/20*m)/(1/431) prime?
False
Let r be 6/16*(14 + -6 - 0). Suppose -5*y + 8 + 37 = 0. Suppose r*u + 303 + 231 = 3*a, y = 3*u. Is a composite?
False
Suppose